{"id":366,"date":"2017-12-11T15:32:05","date_gmt":"2017-12-11T14:32:05","guid":{"rendered":"http:\/\/bsg-projekt.net\/cms\/?page_id=366"},"modified":"2018-02-02T08:35:21","modified_gmt":"2018-02-02T07:35:21","slug":"brandsanierung","status":"publish","type":"page","link":"https:\/\/bsg-projekt.net\/cms\/leistungen\/brandsanierung\/","title":{"rendered":"Brandschadensanierung"},"content":{"rendered":"<div  class='avia-slideshow av-av_slideshow-1279c662af51f7469a4cab1951894934 avia-slideshow-featured_large av_slideshow avia-fade-slider  avia-builder-el-0  el_before_av_one_full  avia-builder-el-first  av-slideshow-ui av-control-default av-slideshow-autoplay av-loop-endless av-loop-manual-endless av-default-height-applied avia-slideshow-1' data-slideshow-options=\"{&quot;animation&quot;:&quot;fade&quot;,&quot;autoplay&quot;:true,&quot;loop_autoplay&quot;:&quot;endless&quot;,&quot;interval&quot;:5,&quot;loop_manual&quot;:&quot;manual-endless&quot;,&quot;autoplay_stopper&quot;:false,&quot;noNavigation&quot;:false,&quot;bg_slider&quot;:false,&quot;keep_padding&quot;:false,&quot;hoverpause&quot;:false,&quot;show_slide_delay&quot;:0}\"  itemprop=\"image\" itemscope=\"itemscope\" itemtype=\"https:\/\/schema.org\/ImageObject\" ><ul class='avia-slideshow-inner ' style='padding-bottom: 42%;'><li  class='avia-slideshow-slide av-av_slideshow-1279c662af51f7469a4cab1951894934__0  slide-1 slide-odd'><div data-rel='slideshow-1' class='avia-slide-wrap '   ><img fetchpriority=\"high\" class=\"wp-image-852 avia-img-lazy-loading-not-852\"  src='https:\/\/bsg-projekt.net\/cms\/wp-content\/uploads\/2018\/01\/DSC00505-1500x630.jpg' width='1500' height='630' title='DSC00505' alt=''  itemprop=\"thumbnailUrl\"   \/><\/div><\/li><li  class='avia-slideshow-slide av-av_slideshow-1279c662af51f7469a4cab1951894934__1  slide-2 slide-even'><div data-rel='slideshow-1' class='avia-slide-wrap '   ><img fetchpriority=\"high\" class=\"wp-image-368 avia-img-lazy-loading-not-368\"  src='https:\/\/bsg-projekt.net\/cms\/wp-content\/uploads\/2017\/12\/DSC00598-1500x630.jpg' width='1500' height='630' title='DSC00598' alt=''  itemprop=\"thumbnailUrl\"   \/><\/div><\/li><li  class='avia-slideshow-slide av-av_slideshow-1279c662af51f7469a4cab1951894934__2  slide-3 slide-odd'><div data-rel='slideshow-1' class='avia-slide-wrap '   ><img fetchpriority=\"high\" class=\"wp-image-373 avia-img-lazy-loading-not-373\"  src='https:\/\/bsg-projekt.net\/cms\/wp-content\/uploads\/2017\/12\/DSC02181-1500x630.jpg' width='1500' height='630' title='DSC02181' alt=''  itemprop=\"thumbnailUrl\"   \/><\/div><\/li><li  class='avia-slideshow-slide av-av_slideshow-1279c662af51f7469a4cab1951894934__3  slide-4 slide-even'><div data-rel='slideshow-1' class='avia-slide-wrap '   ><img fetchpriority=\"high\" class=\"wp-image-374 avia-img-lazy-loading-not-374\"  src='https:\/\/bsg-projekt.net\/cms\/wp-content\/uploads\/2017\/12\/DSC06384-1500x630.jpg' width='1500' height='630' title='DSC06384' alt=''  itemprop=\"thumbnailUrl\"   \/><\/div><\/li><li  class='avia-slideshow-slide av-av_slideshow-1279c662af51f7469a4cab1951894934__4  slide-5 slide-odd'><div data-rel='slideshow-1' class='avia-slide-wrap '   ><img fetchpriority=\"high\" class=\"wp-image-855 avia-img-lazy-loading-not-855\"  src='https:\/\/bsg-projekt.net\/cms\/wp-content\/uploads\/2018\/01\/DSCI0028-1500x630.jpg' width='1500' height='630' title='DSCI0028' alt=''  itemprop=\"thumbnailUrl\"   \/><\/div><\/li><li  class='avia-slideshow-slide av-av_slideshow-1279c662af51f7469a4cab1951894934__5  slide-6 slide-even'><div data-rel='slideshow-1' class='avia-slide-wrap '   ><img fetchpriority=\"high\" class=\"wp-image-856 avia-img-lazy-loading-not-856\"  src='https:\/\/bsg-projekt.net\/cms\/wp-content\/uploads\/2018\/01\/DSCN3643-1500x630.jpg' width='1500' height='630' title='DSCN3643' alt=''  itemprop=\"thumbnailUrl\"   \/><\/div><\/li><\/ul><div class='avia-slideshow-arrows avia-slideshow-controls' ><a href='#prev' class='prev-slide ' aria-hidden='true' data-av_icon='\ue87c' data-av_iconfont='entypo-fontello'  tabindex='-1'>Zur\u00fcck<\/a><a href='#next' class='next-slide ' aria-hidden='true' data-av_icon='\ue87d' data-av_iconfont='entypo-fontello'  tabindex='-1'>Weiter<\/a><\/div><div class='avia-slideshow-dots avia-slideshow-controls'><a href='#1' class='goto-slide active' >1<\/a><a href='#2' class='goto-slide ' >2<\/a><a href='#3' class='goto-slide ' >3<\/a><a href='#4' class='goto-slide ' >4<\/a><a href='#5' class='goto-slide ' >5<\/a><a href='#6' class='goto-slide ' >6<\/a><\/div><\/div>\n\n<style type=\"text\/css\" data-created_by=\"avia_inline_auto\" id=\"style-css-av-av_one_full-49e29109d35428f282e8078954bb78df\">\n#top .flex_column.av-av_one_full-49e29109d35428f282e8078954bb78df{\nmargin-top:0px;\nmargin-bottom:0px;\n}\n.flex_column.av-av_one_full-49e29109d35428f282e8078954bb78df{\nborder-radius:0px 0px 0px 0px;\npadding:0px 0px 0px 0px;\n}\n.responsive #top #wrap_all .flex_column.av-av_one_full-49e29109d35428f282e8078954bb78df{\nmargin-top:0px;\nmargin-bottom:0px;\n}\n<\/style>\n<div  class='flex_column av-av_one_full-49e29109d35428f282e8078954bb78df av_one_full  avia-builder-el-1  el_after_av_slideshow  el_before_av_one_full  first flex_column_div av-animated-generic bottom-to-top av-zero-column-padding  '     ><style type=\"text\/css\" data-created_by=\"avia_inline_auto\" id=\"style-css-av-av_heading-39131a825b84339aa819ae26236f3349\">\n#top .av-special-heading.av-av_heading-39131a825b84339aa819ae26236f3349{\npadding-bottom:0;\ncolor:#ea3838;\n}\nbody .av-special-heading.av-av_heading-39131a825b84339aa819ae26236f3349 .av-special-heading-tag .heading-char{\nfont-size:25px;\n}\n.av-special-heading.av-av_heading-39131a825b84339aa819ae26236f3349 .special-heading-inner-border{\nborder-color:#ea3838;\n}\n.av-special-heading.av-av_heading-39131a825b84339aa819ae26236f3349 .av-subheading{\nfont-size:15px;\n}\n<\/style>\n<div  class='av-special-heading av-av_heading-39131a825b84339aa819ae26236f3349 av-special-heading-h2 custom-color-heading blockquote modern-quote  avia-builder-el-2  avia-builder-el-no-sibling '><h2 class='av-special-heading-tag '  itemprop=\"headline\"  >Brandschadensanierung<\/h2><div class=\"special-heading-border\"><div class=\"special-heading-inner-border\"><\/div><\/div><\/div><\/div>\n<style type=\"text\/css\" data-created_by=\"avia_inline_auto\" id=\"style-css-av-av_one_full-3ce399765ff86ce948c8a7b1ade55796\">\n#top .flex_column.av-av_one_full-3ce399765ff86ce948c8a7b1ade55796{\nmargin-top:0px;\nmargin-bottom:0px;\n}\n.flex_column.av-av_one_full-3ce399765ff86ce948c8a7b1ade55796{\nborder-radius:0px 0px 0px 0px;\npadding:0px 0px 0px 0px;\n}\n.responsive #top #wrap_all .flex_column.av-av_one_full-3ce399765ff86ce948c8a7b1ade55796{\nmargin-top:0px;\nmargin-bottom:0px;\n}\n<\/style>\n<div  class='flex_column av-av_one_full-3ce399765ff86ce948c8a7b1ade55796 av_one_full  avia-builder-el-3  el_after_av_one_full  el_before_av_one_full  first flex_column_div av-animated-generic bottom-to-top av-zero-column-padding  column-top-margin'     ><style type=\"text\/css\" data-created_by=\"avia_inline_auto\" id=\"style-css-av-av_textblock-8e5bdedebac81bcd937ed355ccd26d60\">\n#top .av_textblock_section.av-av_textblock-8e5bdedebac81bcd937ed355ccd26d60 .avia_textblock{\ncolor:#000000;\n}\n<\/style>\n<section  class='av_textblock_section av-av_textblock-8e5bdedebac81bcd937ed355ccd26d60 '   itemscope=\"itemscope\" itemtype=\"https:\/\/schema.org\/CreativeWork\" ><div class='avia_textblock av_inherit_color'  itemprop=\"text\" ><p style=\"text-align: justify;\">Bei einem Brandschaden erfolgen zun\u00e4chst die Schadenfeststellung und Absicherung des Schadensobjektes. Unsere Erstma\u00dfnahmen verhindern dabei weitere Folgesch\u00e4den. Anschlie\u00dfend beginnt die eigentliche Sanierung durch Demontage, Reinigung und Wie-derherstellung des Schadensobjektes sowie Hausrates.<\/p>\n<\/div><\/section><\/div><\/p>\n\n<style type=\"text\/css\" data-created_by=\"avia_inline_auto\" id=\"style-css-av-av_one_full-3ce399765ff86ce948c8a7b1ade55796\">\n#top .flex_column.av-av_one_full-3ce399765ff86ce948c8a7b1ade55796{\nmargin-top:0px;\nmargin-bottom:0px;\n}\n.flex_column.av-av_one_full-3ce399765ff86ce948c8a7b1ade55796{\nborder-radius:0px 0px 0px 0px;\npadding:0px 0px 0px 0px;\n}\n.responsive #top #wrap_all .flex_column.av-av_one_full-3ce399765ff86ce948c8a7b1ade55796{\nmargin-top:0px;\nmargin-bottom:0px;\n}\n<\/style>\n<div  class='flex_column av-av_one_full-3ce399765ff86ce948c8a7b1ade55796 av_one_full  avia-builder-el-5  el_after_av_one_full  el_before_av_one_full  first flex_column_div av-animated-generic bottom-to-top av-zero-column-padding  column-top-margin'     ><style type=\"text\/css\" data-created_by=\"avia_inline_auto\" id=\"style-css-av-av_textblock-8e5bdedebac81bcd937ed355ccd26d60\">\n#top .av_textblock_section.av-av_textblock-8e5bdedebac81bcd937ed355ccd26d60 .avia_textblock{\ncolor:#000000;\n}\n<\/style>\n<section  class='av_textblock_section av-av_textblock-8e5bdedebac81bcd937ed355ccd26d60 '   itemscope=\"itemscope\" itemtype=\"https:\/\/schema.org\/CreativeWork\" ><div class='avia_textblock av_inherit_color'  itemprop=\"text\" ><p style=\"text-align: justify;\">Ein Brandereignis richtet an einem Objekt oftmals einen enormen Schaden an, der f\u00fcr die Betroffenen mit unwiederbringlichen Verlusten des pers\u00f6nlichen Besitzes einhergeht. Nach Beendigung der L\u00f6scharbeiten geht es vorrangig um eine m\u00f6gliche Schadensbegrenzung, vielmehr dann aber um die vollst\u00e4ndige Sanierung des Schadenobjektes. Mit einer professionellen und umfangreichen Sanierung ist es m\u00f6glich, ein Objekt wieder in den Ausgangszustand vor dem Brandereignis zur\u00fcckzuf\u00fchren. Daf\u00fcr h\u00e4lt die BSG Projektierungs GmbH alle notwendigen Instrumente und Methoden bereit. Unsere Mitarbeiter decken alle erforderlichen Gewerke und Qualifizierungen ab, um einen Brandschaden erfolgreich zu sanieren (<a href=\"http:\/\/bsg-projekt.net\/cms\/bsg-projekt\/\">Link zu BSG-Portr\u00e4t<\/a>).<\/p>\n<p style=\"text-align: justify;\">Im Folgenden wird der Ablauf einer Brandschadensanierung durch die BSG Projektierungs GmbH erl\u00e4utert. Die einzelnen Schritte sind hierbei chronologisch dargestellt. In der Praxis kommt es jedoch vielfach zu \u00dcberschneidungen der einzelnen Schritte. Der genaue Ablauf richtet sich immer nach den individuellen Anforderungen eines jeden Schadenfalls. Grunds\u00e4tzlich gilt f\u00fcr uns bei allen Sanierungsschritten eine vertrauensvolle, transparente und unb\u00fcrokratische Zusammenarbeit mit allen Beteiligten, wie z.B. Gesch\u00e4digten, Versicherungen, Beh\u00f6rden oder Hausverwaltungen, als selbstverst\u00e4ndlich.<\/p>\n<p style=\"text-align: justify;\"><span style=\"color: #ff0000;\"><strong>Schadenaufnahme<\/strong><\/span><\/p>\n<p style=\"text-align: justify;\">Nach einem Brandschaden sind wir schnellstm\u00f6glich vor Ort, um den Schaden zu begutachten und aufzunehmen. Durch die Ortsbegehung stellen wir den ersten Kontakt zum Kunden her und informieren ausf\u00fchrlich \u00fcber das weitere Vorgehen. Mit der offiziellen Auftragserteilung \u00fcbernehmen wir die Sanierung des Brandschadens und leiten die Erstma\u00dfnahmen ein.<\/p>\n<p style=\"text-align: justify;\"><span style=\"color: #ff0000;\"><strong>Erstma\u00dfnahmen<\/strong><\/span><\/p>\n<p style=\"text-align: justify;\">Die erforderlichen Erstma\u00dfnahmen nach einem Brandschaden dienen zur Begrenzung des Schadenausma\u00dfes und Einleitung der eigentlichen Sanierung. Zun\u00e4chst genie\u00dft die Sicherung des Schadenobjektes oberste Priorit\u00e4t. Zum einen werden die statische Stabilit\u00e4t des Geb\u00e4udes gesichert und die zerst\u00f6rten Bereiche abgeschottet, um einen gefahrenarmen Zugang zum Objekt zu gew\u00e4hrleisten und eine zus\u00e4tzliche Ausweitung des Schadens zu verhindern. Zur Sicherung geh\u00f6ren auch die Beurteilung und der sachgerechte Umgang von etwaigen Gefahrenpotentialen wie z.B. besch\u00e4digten Leitungen, verbrannter Elektronik oder Asbest. Ein weiterer wichtiger Baustein der Erstma\u00dfnahmen sind die Bergung und Sicherung des Hausrates. Parallel richten wir mit unserem technischen Equipment eine stabile und leistungsf\u00e4hige Stromversorgung ein.<\/p>\n<p><strong><span style=\"color: #ff0000;\">Trocknung<\/span><\/strong><\/p>\n<p style=\"text-align: justify;\">Auch nach Brandsch\u00e4den wird eine Trocknung oftmals notwendig. Hierbei ist es besonders wichtig, den Trocknungsvorgang so schnell wie m\u00f6glich einzuleiten. Korrosive Rauchr\u00fcckst\u00e4nde, die bei Br\u00e4nden oft entstehen, wirken sich zusammen mit der durch die Brandl\u00f6schung verursachten hohen Luftfeuchtigkeit sehr negativ auf alle Arten von Metalloberfl\u00e4chen und Elektronikteilen aus. Deshalb ist die relative Luftfeuchtigkeit zu verringern. Dazu ist es wichtig, gro\u00dfe Mengen warmer, trockener Luft mit einem hohen Luftdurchsatz in den zu trocknenden Raum zu blasen. Falls eine Gefahr zur Besch\u00e4digung von Maschinen und anderen empfindlichen Ausr\u00fcstungsteilen besteht, kann sich die Folienzeltmethode als vorteilhaft erweisen, um die relative Luftfeuchtigkeit noch schneller zu reduzieren. Eine Auswahl unserer eingesetzten Verfahren finden Sie hier (<a href=\"http:\/\/bsg-projekt.net\/cms\/leistungen\/trocknung\/\">Link zu Trocknung<\/a>).<\/p>\n<p style=\"text-align: justify;\"><span style=\"color: #ff0000;\"><strong>Demontage<\/strong><\/span><\/p>\n<p style=\"text-align: justify;\">Im Rahmen der Demontage werden alle schadhaften Bestandteile des Schadenobjektes entfernt. Dazu wird das Objekt vollst\u00e4ndig von defekten Bauteilen, zerst\u00f6rten Gegenst\u00e4nden aller Art und weiteren Schuttresten befreit. Die Beseitigung brandbedingter Gefahrenstoffe ist ebenfalls notwendig und wird unter gr\u00f6\u00dftm\u00f6glichen Sicherheitsvorkehrungen im Rahmen der gesetzlichen Vorschriften durchgef\u00fchrt.<\/p>\n<p><span style=\"color: #ff0000;\"><strong>Reinigung<\/strong><\/span><\/p>\n<p>Die Reinigung ist das Kernelement der Brandschadensanierung, bei dem das Schadensobjekt von allen brandbedingten Besch\u00e4digungen und Verunreinigungen befreit wird. Dabei kommen bedarfsgerecht verschiedene Methoden und Instrumente zum Einsatz. Neben diversen g\u00e4ngigen Strahltechniken, wie z.B. der Sandstrahltechnik, nutzen wir vielfach die innovative und besonders material- und umweltfreundliche CO<sub>2<\/sub>-Reinigung (<a href=\"http:\/\/bsg-projekt.net\/cms\/sdi-select-60\/\">Link zum Cold Jet<\/a>). Damit werden Brandr\u00fcckst\u00e4nde und oberfl\u00e4chige Verschmutzungen effektiv und nachhaltig ges\u00e4ubert. Zur Bek\u00e4mpfung von Brandger\u00fcchen und Luftverunreinigungen verwenden wir geruchsneutralisierende Methoden wie die Ozonisierung oder das Fogging. Weiterhin werden gereinigte Bereiche vor zuk\u00fcnftiger Korrosion gesch\u00fctzt. Neben den Ma\u00dfnahmen zur Reinigung des Schadenobjektes wird auch der geborgene Hausrat aufwendig und mit gr\u00f6\u00dfter Sorgfalt saniert.<\/p>\n<p style=\"text-align: justify;\"><span style=\"color: #ff0000;\"><strong>Wiederherstellung<\/strong><\/span><\/p>\n<p style=\"text-align: justify;\">Nach einer umfassenden Reinigung des Schadenobjektes stellen unsere Gewerke den Ausgangszustand wieder her. Dabei arbeiten unsere Maler, Elektriker, Trockenbauer, Schreiner, Fliesenleger, Dachdecker und Installateure kooperativ und koordiniert am Schadensobjekt.<\/p>\n<p style=\"text-align: justify;\"><span style=\"color: #ff0000;\"><strong>Entsorgung<\/strong><\/span><\/p>\n<p style=\"text-align: justify;\">Bei einem Brandschaden und der anschlie\u00dfenden Sanierung fallen verschiedene Abf\u00e4lle an, die der fachgerechten Entsorgung bed\u00fcrfen. Wir k\u00fcmmern uns um die Entsorgung des anfallenden Abfalls.<\/p>\n<p style=\"text-align: justify;\"><span style=\"color: #ff0000;\"><strong>Schadenabnahme<\/strong><\/span><\/p>\n<p style=\"text-align: justify;\">Nach der erfolgreichen Sanierung wird der Schaden durch den Endverbraucher und einen Versicherungsvertreter abgenommen. Die Zufriedenheit des Kunden hat dabei oberste Priorit\u00e4t! Erst wenn diese vollst\u00e4ndig erreicht ist, gilt die Sanierung f\u00fcr uns als abgeschlossen.<\/p>\n<\/div><\/section><\/div>\n\n<style type=\"text\/css\" data-created_by=\"avia_inline_auto\" id=\"style-css-av-av_one_full-40e04e59702ace7aa4422b20c9839dbe\">\n.flex_column.av-av_one_full-40e04e59702ace7aa4422b20c9839dbe{\nborder-radius:0px 0px 0px 0px;\npadding:0px 0px 0px 0px;\n}\n<\/style>\n<div  class='flex_column av-av_one_full-40e04e59702ace7aa4422b20c9839dbe av_one_full  avia-builder-el-7  el_after_av_one_full  avia-builder-el-last  first flex_column_div av-zero-column-padding  column-top-margin'     ><style type=\"text\/css\" data-created_by=\"avia_inline_auto\" id=\"style-css-av-av_partner-142cae2e10514575043adc87728738cc\">\n.avia-logo-element-container.av-av_partner-142cae2e10514575043adc87728738cc .av-partner-fake-img{\nbackground-size:cover;\n}\n<\/style>\n<div  class='avia-logo-element-container av-av_partner-142cae2e10514575043adc87728738cc avia-logo-slider avia-content-slider avia-smallarrow-slider avia-content-slider-active noHover avia-content-slider-odd  avia-builder-el-8  avia-builder-el-no-sibling  av-slideshow-ui av-control-hidden av-nav-arrows-visible av-nav-dots-visible av-no-slider-navigation av-hide-nav-arrows av-slideshow-autoplay av-loop-endless av-loop-manual-endless avia-content-slider1' data-slideshow-options=\"{&quot;animation&quot;:&quot;slide&quot;,&quot;autoplay&quot;:true,&quot;loop_autoplay&quot;:&quot;endless&quot;,&quot;interval&quot;:5,&quot;loop_manual&quot;:&quot;manual-endless&quot;,&quot;autoplay_stopper&quot;:false,&quot;noNavigation&quot;:true,&quot;bg_slider&quot;:false,&quot;keep_padding&quot;:&quot;&quot;,&quot;hoverpause&quot;:false,&quot;show_slide_delay&quot;:0}\"><div class='avia-smallarrow-slider-heading  no-logo-slider-heading '><\/div><div class=\"avia-content-slider-inner\"><div class=\"slide-entry-wrap\"><div  class='slide-entry av-av_partner_logo-4aaf7542c4137acc38097a6629c6f7c9 flex_column no_margin av_one_third real-thumbnail post-entry slide-entry-overview slide-loop-1 slide-parity-odd  first'><span class='av-partner-fake-img' style='padding-bottom:46.8085106383%; background-image:url(https:\/\/bsg-projekt.net\/cms\/wp-content\/uploads\/2017\/12\/14.jpg);'><\/span><\/div><div  class='slide-entry av-av_partner_logo-609b88fdce64fdb9cafcf8a3d47f9918 flex_column no_margin av_one_third real-thumbnail post-entry slide-entry-overview slide-loop-2 slide-parity-even  '><span class='av-partner-fake-img' style='padding-bottom:46.8085106383%; background-image:url(https:\/\/bsg-projekt.net\/cms\/wp-content\/uploads\/2017\/12\/15.jpg);'><\/span><\/div><div  class='slide-entry av-av_partner_logo-da9a4cd05ddb3d9570f12d6b921d6c3b flex_column no_margin av_one_third real-thumbnail post-entry slide-entry-overview slide-loop-3 slide-parity-odd  '><span class='av-partner-fake-img' style='padding-bottom:46.8085106383%; background-image:url(https:\/\/bsg-projekt.net\/cms\/wp-content\/uploads\/2017\/12\/13.jpg);'><\/span><\/div><\/div><div class=\"slide-entry-wrap\"><div  class='slide-entry av-av_partner_logo-06d26b4a4c06b3e0d8c1567df8aad6bc flex_column no_margin av_one_third real-thumbnail post-entry slide-entry-overview slide-loop-4 slide-parity-odd  first'><span class='av-partner-fake-img' style='padding-bottom:46.8085106383%; background-image:url(https:\/\/bsg-projekt.net\/cms\/wp-content\/uploads\/2017\/12\/11.jpg);'><\/span><\/div><div  class='slide-entry av-av_partner_logo-1436f778e1510202bd70ff37bd89a9ec flex_column no_margin av_one_third real-thumbnail post-entry slide-entry-overview slide-loop-5 slide-parity-even  '><span class='av-partner-fake-img' style='padding-bottom:46.8085106383%; background-image:url(https:\/\/bsg-projekt.net\/cms\/wp-content\/uploads\/2017\/12\/12.jpg);'><\/span><\/div><div  class='slide-entry av-av_partner_logo-935331965753ba24a4086412031e7fb4 flex_column no_margin av_one_third real-thumbnail post-entry slide-entry-overview slide-loop-6 slide-parity-odd  '><span class='av-partner-fake-img' style='padding-bottom:46.8085106383%; background-image:url(https:\/\/bsg-projekt.net\/cms\/wp-content\/uploads\/2017\/12\/09.jpg);'><\/span><\/div><\/div><div class=\"slide-entry-wrap\"><div  class='slide-entry av-av_partner_logo-66a9bbaa4ec2c477c07da328ef90cd45 flex_column no_margin av_one_third real-thumbnail post-entry slide-entry-overview slide-loop-7 slide-parity-odd  first'><span class='av-partner-fake-img' style='padding-bottom:46.8085106383%; background-image:url(https:\/\/bsg-projekt.net\/cms\/wp-content\/uploads\/2017\/12\/10.jpg);'><\/span><\/div><div  class='slide-entry av-av_partner_logo-04288ea090b75606d1a5fc71a0dbcd75 flex_column no_margin av_one_third real-thumbnail post-entry slide-entry-overview slide-loop-8 slide-parity-even  '><span class='av-partner-fake-img' style='padding-bottom:46.8085106383%; background-image:url(https:\/\/bsg-projekt.net\/cms\/wp-content\/uploads\/2017\/12\/08.jpg);'><\/span><\/div><div  class='slide-entry av-av_partner_logo-f60dcbf9a4aaf9d20718735da06a6ce8 flex_column no_margin av_one_third real-thumbnail post-entry slide-entry-overview slide-loop-9 slide-parity-odd  '><span class='av-partner-fake-img' style='padding-bottom:46.8085106383%; background-image:url(https:\/\/bsg-projekt.net\/cms\/wp-content\/uploads\/2017\/12\/07.jpg);'><\/span><\/div><\/div><div class=\"slide-entry-wrap\"><div  class='slide-entry av-av_partner_logo-97c8c1d4042e7a6c2dec09aa3d03e0ba flex_column no_margin av_one_third real-thumbnail post-entry slide-entry-overview slide-loop-10 slide-parity-odd  first'><span class='av-partner-fake-img' style='padding-bottom:46.8085106383%; background-image:url(https:\/\/bsg-projekt.net\/cms\/wp-content\/uploads\/2017\/12\/06.jpg);'><\/span><\/div><div  class='slide-entry av-av_partner_logo-fe2b59544e072eb997e38a2db00ea868 flex_column no_margin av_one_third real-thumbnail post-entry slide-entry-overview slide-loop-11 slide-parity-even  '><span class='av-partner-fake-img' style='padding-bottom:46.8085106383%; background-image:url(https:\/\/bsg-projekt.net\/cms\/wp-content\/uploads\/2017\/12\/04.jpg);'><\/span><\/div><div  class='slide-entry av-av_partner_logo-39e3bee59e8c98e6c54dbd362f1dc898 flex_column no_margin av_one_third real-thumbnail post-entry slide-entry-overview slide-loop-12 slide-parity-odd  '><span class='av-partner-fake-img' style='padding-bottom:46.8085106383%; background-image:url(https:\/\/bsg-projekt.net\/cms\/wp-content\/uploads\/2017\/12\/05.jpg);'><\/span><\/div><\/div><div class=\"slide-entry-wrap\"><div  class='slide-entry av-av_partner_logo-314069f34bb75f973d21c472b51ec5e0 flex_column no_margin av_one_third real-thumbnail post-entry slide-entry-overview slide-loop-13 slide-parity-odd  first'><span class='av-partner-fake-img' style='padding-bottom:46.8085106383%; background-image:url(https:\/\/bsg-projekt.net\/cms\/wp-content\/uploads\/2017\/12\/02.jpg);'><\/span><\/div><div  class='slide-entry av-av_partner_logo-afca36fba471ec37ebc6db948e6d899e flex_column no_margin av_one_third real-thumbnail post-entry slide-entry-overview slide-loop-14 slide-parity-even  '><span class='av-partner-fake-img' style='padding-bottom:46.8085106383%; background-image:url(https:\/\/bsg-projekt.net\/cms\/wp-content\/uploads\/2017\/12\/03.jpg);'><\/span><\/div><div  class='slide-entry av-av_partner_logo-2a166536a2b30a34da6c699eb45a667e flex_column no_margin av_one_third real-thumbnail post-entry slide-entry-overview slide-loop-15 slide-parity-odd post-entry-last '><span class='av-partner-fake-img' style='padding-bottom:46.8085106383%; background-image:url(https:\/\/bsg-projekt.net\/cms\/wp-content\/uploads\/2017\/12\/01.jpg);'><\/span><\/div><\/div><\/div><\/div><\/div>\n","protected":false},"excerpt":{"rendered":"","protected":false},"author":1,"featured_media":0,"parent":25,"menu_order":1,"comment_status":"closed","ping_status":"closed","template":"","meta":{"footnotes":""},"class_list":["post-366","page","type-page","status-publish","hentry"],"_links":{"self":[{"href":"https:\/\/bsg-projekt.net\/cms\/wp-json\/wp\/v2\/pages\/366","targetHints":{"allow":["GET"]}}],"collection":[{"href":"https:\/\/bsg-projekt.net\/cms\/wp-json\/wp\/v2\/pages"}],"about":[{"href":"https:\/\/bsg-projekt.net\/cms\/wp-json\/wp\/v2\/types\/page"}],"author":[{"embeddable":true,"href":"https:\/\/bsg-projekt.net\/cms\/wp-json\/wp\/v2\/users\/1"}],"replies":[{"embeddable":true,"href":"https:\/\/bsg-projekt.net\/cms\/wp-json\/wp\/v2\/comments?post=366"}],"version-history":[{"count":10,"href":"https:\/\/bsg-projekt.net\/cms\/wp-json\/wp\/v2\/pages\/366\/revisions"}],"predecessor-version":[{"id":1071,"href":"https:\/\/bsg-projekt.net\/cms\/wp-json\/wp\/v2\/pages\/366\/revisions\/1071"}],"up":[{"embeddable":true,"href":"https:\/\/bsg-projekt.net\/cms\/wp-json\/wp\/v2\/pages\/25"}],"wp:attachment":[{"href":"https:\/\/bsg-projekt.net\/cms\/wp-json\/wp\/v2\/media?parent=366"}],"curies":[{"name":"wp","href":"https:\/\/api.w.org\/{rel}","templated":true}]}}