{"id":540,"date":"2017-12-12T16:00:35","date_gmt":"2017-12-12T15:00:35","guid":{"rendered":"http:\/\/bsg-projekt.net\/cms\/?page_id=540"},"modified":"2018-02-02T08:18:52","modified_gmt":"2018-02-02T07:18:52","slug":"trockeneisstrahlen","status":"publish","type":"page","link":"https:\/\/bsg-projekt.net\/cms\/sdi-select-60\/trockeneisstrahlen\/","title":{"rendered":"Trockeneisstrahlen"},"content":{"rendered":"<div  class='avia-slideshow av-av_slideshow-ca8678a35d47f4b3045d06b625fd42c7 avia-slideshow-entry_with_sidebar av_slideshow avia-fade-slider  avia-builder-el-0  el_before_av_one_half  avia-builder-el-first  av-slideshow-ui av-control-default av-slideshow-autoplay av-loop-endless av-loop-manual-endless av-default-height-applied avia-slideshow-1' data-slideshow-options=\"{&quot;animation&quot;:&quot;fade&quot;,&quot;autoplay&quot;:true,&quot;loop_autoplay&quot;:&quot;endless&quot;,&quot;interval&quot;:5,&quot;loop_manual&quot;:&quot;manual-endless&quot;,&quot;autoplay_stopper&quot;:false,&quot;noNavigation&quot;:false,&quot;bg_slider&quot;:false,&quot;keep_padding&quot;:false,&quot;hoverpause&quot;:false,&quot;show_slide_delay&quot;:0}\"  itemprop=\"image\" itemscope=\"itemscope\" itemtype=\"https:\/\/schema.org\/ImageObject\" ><ul class='avia-slideshow-inner ' style='padding-bottom: 37.9881656805%;'><li  class='avia-slideshow-slide av-av_slideshow-ca8678a35d47f4b3045d06b625fd42c7__0  slide-1 slide-odd'><div data-rel='slideshow-1' class='avia-slide-wrap '   ><img fetchpriority=\"high\" class=\"wp-image-867 avia-img-lazy-loading-not-867\"  src='https:\/\/bsg-projekt.net\/cms\/wp-content\/uploads\/2018\/01\/DSCN5601-845x321.jpg' width='845' height='321' title='DSCN5601' alt=''  itemprop=\"thumbnailUrl\"   \/><\/div><\/li><li  class='avia-slideshow-slide av-av_slideshow-ca8678a35d47f4b3045d06b625fd42c7__1  slide-2 slide-even'><div data-rel='slideshow-1' class='avia-slide-wrap '   ><img fetchpriority=\"high\" class=\"wp-image-868 avia-img-lazy-loading-not-868\"  src='https:\/\/bsg-projekt.net\/cms\/wp-content\/uploads\/2018\/01\/DSCN5607-845x321.jpg' width='845' height='321' title='DSCN5607' alt=''  itemprop=\"thumbnailUrl\"   \/><\/div><\/li><\/ul><div class='avia-slideshow-arrows avia-slideshow-controls' ><a href='#prev' class='prev-slide ' aria-hidden='true' data-av_icon='\ue87c' data-av_iconfont='entypo-fontello'  tabindex='-1'>Zur\u00fcck<\/a><a href='#next' class='next-slide ' aria-hidden='true' data-av_icon='\ue87d' data-av_iconfont='entypo-fontello'  tabindex='-1'>Weiter<\/a><\/div><div class='avia-slideshow-dots avia-slideshow-controls'><a href='#1' class='goto-slide active' >1<\/a><a href='#2' class='goto-slide ' >2<\/a><\/div><div class='av-slideshow-caption av-av_slideshow-ca8678a35d47f4b3045d06b625fd42c7__0 avia-caption'><div class=\"avia-inner-caption\"><h2 class='avia-caption-title '  itemprop=\"name\" >Trockeneisstrahlen<\/h2><\/div><\/div><\/div>\n\n<style type=\"text\/css\" data-created_by=\"avia_inline_auto\" id=\"style-css-av-av_one_half-d71a51a707c4656b37c9afbbd6138215\">\n.flex_column.av-av_one_half-d71a51a707c4656b37c9afbbd6138215{\nborder-radius:0px 0px 0px 0px;\npadding:0px 0px 0px 0px;\n}\n<\/style>\n<div  class='flex_column av-av_one_half-d71a51a707c4656b37c9afbbd6138215 av_one_half  avia-builder-el-1  el_after_av_slideshow  el_before_av_one_half  first flex_column_div av-animated-generic bottom-to-top av-zero-column-padding  '     ><style type=\"text\/css\" data-created_by=\"avia_inline_auto\" id=\"style-css-av-av_heading-24ddf10649b9fdc626d1b3385a95127a\">\n#top .av-special-heading.av-av_heading-24ddf10649b9fdc626d1b3385a95127a{\npadding-bottom:0;\n}\nbody .av-special-heading.av-av_heading-24ddf10649b9fdc626d1b3385a95127a .av-special-heading-tag .heading-char{\nfont-size:25px;\n}\n.av-special-heading.av-av_heading-24ddf10649b9fdc626d1b3385a95127a .av-subheading{\nfont-size:15px;\n}\n<\/style>\n<div  class='av-special-heading av-av_heading-24ddf10649b9fdc626d1b3385a95127a av-special-heading-h2 blockquote modern-quote  avia-builder-el-2  avia-builder-el-no-sibling '><h2 class='av-special-heading-tag '  itemprop=\"headline\"  >Trockeneisstrahlen:<\/h2><div class='av-subheading av-subheading_below'><p>Die umweltfreundliche Sauberkeit.<br \/>\nEine sichere Alternative f\u00fcr Sie und die Umwelt<\/p>\n<\/div><div class=\"special-heading-border\"><div class=\"special-heading-inner-border\"><\/div><\/div><\/div><\/div>\n\n<style type=\"text\/css\" data-created_by=\"avia_inline_auto\" id=\"style-css-av-av_one_half-93bea18e2ccb60552a17080633244dec\">\n.flex_column.av-av_one_half-93bea18e2ccb60552a17080633244dec{\nborder-radius:0px 0px 0px 0px;\npadding:0px 0px 0px 0px;\n}\n<\/style>\n<div  class='flex_column av-av_one_half-93bea18e2ccb60552a17080633244dec av_one_half  avia-builder-el-3  el_after_av_one_half  el_before_av_one_full  flex_column_div av-animated-generic bottom-to-top av-zero-column-padding  '     ><style type=\"text\/css\" data-created_by=\"avia_inline_auto\" id=\"style-css-av-av_image-9756aa2ccf0bdd4e404350aec8843422\">\n.avia-image-container.av-av_image-9756aa2ccf0bdd4e404350aec8843422 img.avia_image{\nbox-shadow:none;\n}\n.avia-image-container.av-av_image-9756aa2ccf0bdd4e404350aec8843422 .av-image-caption-overlay-center{\ncolor:#ffffff;\n}\n<\/style>\n<div  class='avia-image-container av-av_image-9756aa2ccf0bdd4e404350aec8843422 av-styling- avia-align-center  avia-builder-el-4  avia-builder-el-no-sibling '   itemprop=\"image\" itemscope=\"itemscope\" itemtype=\"https:\/\/schema.org\/ImageObject\" ><div class=\"avia-image-container-inner\"><div class=\"avia-image-overlay-wrap\"><img fetchpriority=\"high\" class='wp-image-536 avia-img-lazy-loading-not-536 avia_image ' src='https:\/\/bsg-projekt.net\/cms\/wp-content\/uploads\/2017\/12\/Unbenannt-1.jpg' alt='' title='Unbenannt-1'  height=\"169\" width=\"705\"  itemprop=\"thumbnailUrl\"  \/><\/div><\/div><\/div><\/div>\n\n<style type=\"text\/css\" data-created_by=\"avia_inline_auto\" id=\"style-css-av-av_one_full-d71a51a707c4656b37c9afbbd6138215\">\n.flex_column.av-av_one_full-d71a51a707c4656b37c9afbbd6138215{\nborder-radius:0px 0px 0px 0px;\npadding:0px 0px 0px 0px;\n}\n<\/style>\n<div  class='flex_column av-av_one_full-d71a51a707c4656b37c9afbbd6138215 av_one_full  avia-builder-el-5  el_after_av_one_half  el_before_av_one_half  first flex_column_div av-animated-generic bottom-to-top av-zero-column-padding  column-top-margin'     ><div  class='togglecontainer av-av_toggle_container-58d3b55d78679e2c4a6f7b2e625e97f8  avia-builder-el-6  avia-builder-el-no-sibling  toggle_close_all' >\n<section class='av_toggle_section av-av_toggle-f5c7e8d707ebc7a78961c88c3ba800b3'  itemscope=\"itemscope\" itemtype=\"https:\/\/schema.org\/CreativeWork\" ><div role=\"tablist\" class=\"single_toggle\" data-tags=\"{Alle} \"  ><p id='toggle-toggle-id-1' data-fake-id='#toggle-id-1' class='toggler  activeTitle av-title-above '  itemprop=\"headline\"  role='tab' tabindex='0' aria-controls='toggle-id-1' data-slide-speed=\"200\" data-title=\"Trockeneisstrahlen ist sauber und sicher\" data-title-open=\"\" data-aria_collapsed=\"Click to expand: Trockeneisstrahlen ist sauber und sicher\" data-aria_expanded=\"Click to collapse: Trockeneisstrahlen ist sauber und sicher\">Trockeneisstrahlen ist sauber und sicher<span class=\"toggle_icon\"><span class=\"vert_icon\"><\/span><span class=\"hor_icon\"><\/span><\/span><\/p><div id='toggle-id-1' aria-labelledby='toggle-toggle-id-1' role='region' class='toggle_wrap  active_tc av-title-above' style='display:block;' ><div class='toggle_content invers-color '  itemprop=\"text\" ><ul style=\"list-style-type: circle;\">\n<li><span style=\"color: #000000;\">Trockeneis wurde von der EPA*, FDA* und USDA* als zul\u00e4ssiges\u00a0Medium bei Reinigungsmethoden\u00a0anerkannt.<\/span><\/li>\n<li><span style=\"color: #000000;\">F\u00fcr die FSA* dekontaminiert das Trockeneisstrahlen in Nahrungsmittelprozessen effektiv Oberfl\u00e4chen von Salmonellen,<\/span>\u00a0<span style=\"color: #000000;\">Kolibakterien und Listerien.<\/span><\/li>\n<li><span style=\"color: #000000;\">Trockeneisstrahlen gibt keine gesundheitssch\u00e4dlichen Gase in die Atmosph\u00e4re ab.<\/span><\/li>\n<li><span style=\"color: #000000;\">Beim Trockeneisstrahlen entsteht kein Sekund\u00e4rabfall.<\/span><\/li>\n<li><span style=\"color: #000000;\">Das Trockeneisstrahlen ist sicher und ungiftig (sobald Pellets auf die Oberfl\u00e4che treffen sublimieren sie.)<\/span><\/li>\n<li><span style=\"color: #000000;\">Trockeneisstrahlen verringert oder beseitigt das Arbeiterrisiko (und die Unternehmenshaftung) da keine gef\u00e4rlichen Chemikalien<\/span>\u00a0<span style=\"color: #000000;\">benutzt werden.<\/span><\/li>\n<li><span style=\"color: #000000;\">Trockeneis produziert kein CO2 oder gibt CO2 der Atmosph\u00e4re zu und tr\u00e4gt daher nicht zum Treibhauseffekt bei.<\/span><\/li>\n<\/ul>\n<p><img loading=\"lazy\" decoding=\"async\" class=\"alignnone size-full wp-image-541\" src=\"http:\/\/bsg-projekt.net\/cms\/wp-content\/uploads\/2017\/12\/Bildschirmfoto-2017-12-12-um-15.52.37.png\" alt=\"\" width=\"157\" height=\"139\" \/><\/p>\n<\/div><\/div><\/div><\/section>\n<section class='av_toggle_section av-av_toggle-2b3b47f1f4a02714dec64412347b6188'  itemscope=\"itemscope\" itemtype=\"https:\/\/schema.org\/CreativeWork\" ><div role=\"tablist\" class=\"single_toggle\" data-tags=\"{Alle} \"  ><p id='toggle-toggle-id-2' data-fake-id='#toggle-id-2' class='toggler  av-title-above '  itemprop=\"headline\"  role='tab' tabindex='0' aria-controls='toggle-id-2' data-slide-speed=\"200\" data-title=\"UMWELTVERANTWORTLICH\" data-title-open=\"\" data-aria_collapsed=\"Click to expand: UMWELTVERANTWORTLICH\" data-aria_expanded=\"Click to collapse: UMWELTVERANTWORTLICH\">UMWELTVERANTWORTLICH<span class=\"toggle_icon\"><span class=\"vert_icon\"><\/span><span class=\"hor_icon\"><\/span><\/span><\/p><div id='toggle-id-2' aria-labelledby='toggle-toggle-id-2' role='region' class='toggle_wrap  av-title-above'  ><div class='toggle_content invers-color '  itemprop=\"text\" ><p style=\"text-align: justify;\"><span style=\"color: #000000;\">In Verantwortung an unsere Umwelt ist Trockeneis nicht nur sauber und sicher, nein es ist auch wichtig daran zu erinnern, das es ein Nebenprodukt der chemischen Industrie ist\u2013 das hei\u00dft, es ist r\u00fcckgewonnenes CO2. Es produziert kein CO2 oder f\u00fcgt es der Atmosp\u00e4hre zu und deshalb tr\u00e4gt es nicht zum Treibhauseffekt bei. Trockeneisstrahlen ist in der Tat komplett Umwelfreundlich.<\/span><\/p>\n<\/div><\/div><\/div><\/section>\n<section class='av_toggle_section av-av_toggle-5115c11c8e385eebd6b35ea6152454ae'  itemscope=\"itemscope\" itemtype=\"https:\/\/schema.org\/CreativeWork\" ><div role=\"tablist\" class=\"single_toggle\" data-tags=\"{Alle} \"  ><p id='toggle-toggle-id-3' data-fake-id='#toggle-id-3' class='toggler  av-title-above '  itemprop=\"headline\"  role='tab' tabindex='0' aria-controls='toggle-id-3' data-slide-speed=\"200\" data-title=\"Andere Reinigungsmethoden k\u00f6nnen giftig sein\" data-title-open=\"\" data-aria_collapsed=\"Click to expand: Andere Reinigungsmethoden k\u00f6nnen giftig sein\" data-aria_expanded=\"Click to collapse: Andere Reinigungsmethoden k\u00f6nnen giftig sein\">Andere Reinigungsmethoden k\u00f6nnen giftig sein<span class=\"toggle_icon\"><span class=\"vert_icon\"><\/span><span class=\"hor_icon\"><\/span><\/span><\/p><div id='toggle-id-3' aria-labelledby='toggle-toggle-id-3' role='region' class='toggle_wrap  av-title-above'  ><div class='toggle_content invers-color '  itemprop=\"text\" ><ul style=\"list-style-type: circle;\">\n<li><span style=\"color: #000000;\">Wenn bei der Reinigung von gef\u00e4hrlichen (kontaminierten) Materialien ein abrasives Strahlmedium oder Wasser benutzt wird entsteht ein gef\u00e4hrliches Abfallprodukt was speziell entsorgt und behandelt werden muss. Es entsteht eine kostenintensive Abfallbeseitigung inklusive Dokumentation und Berichtserstattung. Trockeneis verursacht\u00a0keinen zus\u00e4tzlichen Umwelt belastenden Abfall.<\/span><\/li>\n<li><span style=\"color: #000000;\">Beim Sand-, Soda- oder Wasserstrahlen kann zudem die Umgebung oder angrenzende Komponenten in Mitleidenschaft gezogen und m\u00fcssen deshalb zus\u00e4tzlich gesch\u00fctzt (abgegrentzt) werden.<\/span><\/li>\n<li><span style=\"color: #000000;\">Wasser- (Hochdruck-) reinigung kann die Umgebungsvegetation sch\u00e4digen oder sogar abt\u00f6ten.<\/span><\/li>\n<li><span style=\"color: #000000;\">Bei chemischen Reinigungen und Reinigung mit L\u00f6semitteln kann kontaminierter (giftiger) Abfall entstehen der speziell entsorgt werden muss.<\/span><\/li>\n<li><span style=\"color: #000000;\">Arbeitspersonal wird m\u00f6glicher weise sch\u00e4dlichen Substanzen durch den Gebrauch von Chemikalien und L\u00f6semitteln ausgesetzt.<\/span><\/li>\n<\/ul>\n<\/div><\/div><\/div><\/section>\n<\/div><\/div>\n\n<style type=\"text\/css\" data-created_by=\"avia_inline_auto\" id=\"style-css-av-av_one_half-d71a51a707c4656b37c9afbbd6138215\">\n.flex_column.av-av_one_half-d71a51a707c4656b37c9afbbd6138215{\nborder-radius:0px 0px 0px 0px;\npadding:0px 0px 0px 0px;\n}\n<\/style>\n<div  class='flex_column av-av_one_half-d71a51a707c4656b37c9afbbd6138215 av_one_half  avia-builder-el-7  el_after_av_one_full  el_before_av_one_half  first flex_column_div av-animated-generic bottom-to-top av-zero-column-padding  column-top-margin'     ><section  class='av_textblock_section av-av_textblock-0366cc7376be6c9e82a3e9cc8987b64f '   itemscope=\"itemscope\" itemtype=\"https:\/\/schema.org\/CreativeWork\" ><div class='avia_textblock'  itemprop=\"text\" ><p style=\"text-align: justify;\"><span style=\"color: #000000;\">\u201cBeim Trockeneisstrahlen werden sch\u00e4dliche Luftemissionen verringert und generell wird kein zus\u00e4tzlicher Abfall beim Reinigungsprozess erzeugt&#8230;. Bearbeitungsmaschinen k\u00f6nnen online gereinigt werden und dadurch werden die Arbeitskosten und Stillstandszeiten reduziert.\u201d EPA* Technisches Datenblatt f\u00fcr TCA* Risiken und Alternativen. EPA 905-F-00-026<\/span><\/p>\n<\/div><\/section><\/div>\n\n<style type=\"text\/css\" data-created_by=\"avia_inline_auto\" id=\"style-css-av-av_one_half-93bea18e2ccb60552a17080633244dec\">\n.flex_column.av-av_one_half-93bea18e2ccb60552a17080633244dec{\nborder-radius:0px 0px 0px 0px;\npadding:0px 0px 0px 0px;\n}\n<\/style>\n<div  class='flex_column av-av_one_half-93bea18e2ccb60552a17080633244dec av_one_half  avia-builder-el-9  el_after_av_one_half  el_before_av_one_full  flex_column_div av-animated-generic bottom-to-top av-zero-column-padding  column-top-margin'     ><section  class='av_textblock_section av-av_textblock-0366cc7376be6c9e82a3e9cc8987b64f '   itemscope=\"itemscope\" itemtype=\"https:\/\/schema.org\/CreativeWork\" ><div class='avia_textblock'  itemprop=\"text\" ><p><img loading=\"lazy\" decoding=\"async\" class=\"alignnone wp-image-542\" src=\"http:\/\/bsg-projekt.net\/cms\/wp-content\/uploads\/2017\/12\/Industrie-Schadensanierung-3.jpg\" alt=\"\" width=\"306\" height=\"199\" \/><\/p>\n<\/div><\/section><\/div>\n\n<style type=\"text\/css\" data-created_by=\"avia_inline_auto\" id=\"style-css-av-av_one_full-861e61f6c012e3b92d6114e965076e60\">\n.flex_column.av-av_one_full-861e61f6c012e3b92d6114e965076e60{\nborder-width:1px;\nborder-color:#e1e1e1;\nborder-style:solid;\nborder-radius:0px 0px 0px 0px;\npadding:20px 20px 20px 20px;\nbackground-color:#fcfcfc;\n}\n<\/style>\n<div  class='flex_column av-av_one_full-861e61f6c012e3b92d6114e965076e60 av_one_full  avia-builder-el-11  el_after_av_one_half  avia-builder-el-last  first flex_column_div av-animated-generic bottom-to-top  column-top-margin'     ><section  class='av_textblock_section av-av_textblock-0366cc7376be6c9e82a3e9cc8987b64f '   itemscope=\"itemscope\" itemtype=\"https:\/\/schema.org\/CreativeWork\" ><div class='avia_textblock'  itemprop=\"text\" ><ul style=\"list-style-type: disc;\">\n<li style=\"text-align: justify;\"><span style=\"color: #000000;\">EPA: Environmental Protection Agency: Organisation der Regierung der USA zum Schutz der Umwelt und zum Schutz der menschlichen Gesundheit<\/span><\/li>\n<li style=\"text-align: justify;\"><span style=\"color: #000000;\">FDA: Food and Drug Administration: ~ BfR-Richtlinien (Bundesinstitut f\u00fcr Risikobewertung f\u00fcr den Einsatz von Getr\u00e4nken und Lebensmitteln)<\/span><\/li>\n<li style=\"text-align: justify;\"><span style=\"color: #000000;\">USDA: United States Department of Agriculture: Landwirtschaftsministerium der Vereinigten Staaten<\/span><\/li>\n<li style=\"text-align: justify;\"><span style=\"color: #000000;\">FSA: Food Standard Agency: Unabh\u00e4ngiges englisches Regierungsinstitut zum Schutz von Gesundheit und Verbraucherinteressen in Bezug auf Lebensmittel<\/span><\/li>\n<li style=\"text-align: justify;\"><span style=\"color: #000000;\">TCA: Trichloroethane: Trichlorethan<\/span><\/li>\n<li style=\"text-align: justify;\"><span style=\"color: #000000;\">AIB: American Institute of Baking: Technologisches Institut f\u00fcr B\u00e4ckerei- und Lebensmittelprozesse<\/span><\/li>\n<\/ul>\n<\/div><\/section><\/div>\n","protected":false},"excerpt":{"rendered":"","protected":false},"author":1,"featured_media":0,"parent":551,"menu_order":2,"comment_status":"closed","ping_status":"closed","template":"","meta":{"footnotes":""},"class_list":["post-540","page","type-page","status-publish","hentry"],"_links":{"self":[{"href":"https:\/\/bsg-projekt.net\/cms\/wp-json\/wp\/v2\/pages\/540","targetHints":{"allow":["GET"]}}],"collection":[{"href":"https:\/\/bsg-projekt.net\/cms\/wp-json\/wp\/v2\/pages"}],"about":[{"href":"https:\/\/bsg-projekt.net\/cms\/wp-json\/wp\/v2\/types\/page"}],"author":[{"embeddable":true,"href":"https:\/\/bsg-projekt.net\/cms\/wp-json\/wp\/v2\/users\/1"}],"replies":[{"embeddable":true,"href":"https:\/\/bsg-projekt.net\/cms\/wp-json\/wp\/v2\/comments?post=540"}],"version-history":[{"count":10,"href":"https:\/\/bsg-projekt.net\/cms\/wp-json\/wp\/v2\/pages\/540\/revisions"}],"predecessor-version":[{"id":934,"href":"https:\/\/bsg-projekt.net\/cms\/wp-json\/wp\/v2\/pages\/540\/revisions\/934"}],"up":[{"embeddable":true,"href":"https:\/\/bsg-projekt.net\/cms\/wp-json\/wp\/v2\/pages\/551"}],"wp:attachment":[{"href":"https:\/\/bsg-projekt.net\/cms\/wp-json\/wp\/v2\/media?parent=540"}],"curies":[{"name":"wp","href":"https:\/\/api.w.org\/{rel}","templated":true}]}}