{"id":824,"date":"2018-01-24T02:37:11","date_gmt":"2018-01-24T01:37:11","guid":{"rendered":"http:\/\/bsg-projekt.net\/cms\/?page_id=824"},"modified":"2018-02-02T08:06:12","modified_gmt":"2018-02-02T07:06:12","slug":"schimmelpilzsanierung","status":"publish","type":"page","link":"https:\/\/bsg-projekt.net\/cms\/leistungen\/schimmelpilzsanierung\/","title":{"rendered":"Schimmelpilzsanierung"},"content":{"rendered":"<div  class='avia-slideshow av-av_slideshow-1279c662af51f7469a4cab1951894934 avia-slideshow-featured_large av_slideshow avia-fade-slider  avia-builder-el-0  el_before_av_one_full  avia-builder-el-first  av-slideshow-ui av-control-default av-slideshow-autoplay av-loop-endless av-loop-manual-endless av-default-height-applied avia-slideshow-1' data-slideshow-options=\"{&quot;animation&quot;:&quot;fade&quot;,&quot;autoplay&quot;:true,&quot;loop_autoplay&quot;:&quot;endless&quot;,&quot;interval&quot;:5,&quot;loop_manual&quot;:&quot;manual-endless&quot;,&quot;autoplay_stopper&quot;:false,&quot;noNavigation&quot;:false,&quot;bg_slider&quot;:false,&quot;keep_padding&quot;:false,&quot;hoverpause&quot;:false,&quot;show_slide_delay&quot;:0}\"  itemprop=\"image\" itemscope=\"itemscope\" itemtype=\"https:\/\/schema.org\/ImageObject\" ><ul class='avia-slideshow-inner ' style='padding-bottom: 42%;'><li  class='avia-slideshow-slide av-av_slideshow-1279c662af51f7469a4cab1951894934__0  slide-1 slide-odd'><div data-rel='slideshow-1' class='avia-slide-wrap '   ><img fetchpriority=\"high\" class=\"wp-image-863 avia-img-lazy-loading-not-863\"  src='https:\/\/bsg-projekt.net\/cms\/wp-content\/uploads\/2018\/01\/DSC_7696-1500x630.jpg' width='1500' height='630' title='DSC_7696' alt=''  itemprop=\"thumbnailUrl\"   \/><\/div><\/li><li  class='avia-slideshow-slide av-av_slideshow-1279c662af51f7469a4cab1951894934__1  slide-2 slide-even'><div data-rel='slideshow-1' class='avia-slide-wrap '   ><img fetchpriority=\"high\" class=\"wp-image-720 avia-img-lazy-loading-not-720\"  src='https:\/\/bsg-projekt.net\/cms\/wp-content\/uploads\/2018\/01\/IMG_8688-1500x630.jpg' width='1500' height='630' title='IMG_8688' alt=''  itemprop=\"thumbnailUrl\"   \/><\/div><\/li><li  class='avia-slideshow-slide av-av_slideshow-1279c662af51f7469a4cab1951894934__2  slide-3 slide-odd'><div data-rel='slideshow-1' class='avia-slide-wrap '   ><img fetchpriority=\"high\" class=\"wp-image-719 avia-img-lazy-loading-not-719\"  src='https:\/\/bsg-projekt.net\/cms\/wp-content\/uploads\/2018\/01\/IMG_8687-1500x630.jpg' width='1500' height='630' title='IMG_8687' alt=''  itemprop=\"thumbnailUrl\"   \/><\/div><\/li><\/ul><div class='avia-slideshow-arrows avia-slideshow-controls' ><a href='#prev' class='prev-slide ' aria-hidden='true' data-av_icon='\ue87c' data-av_iconfont='entypo-fontello'  tabindex='-1'>Zur\u00fcck<\/a><a href='#next' class='next-slide ' aria-hidden='true' data-av_icon='\ue87d' data-av_iconfont='entypo-fontello'  tabindex='-1'>Weiter<\/a><\/div><div class='avia-slideshow-dots avia-slideshow-controls'><a href='#1' class='goto-slide active' >1<\/a><a href='#2' class='goto-slide ' >2<\/a><a href='#3' class='goto-slide ' >3<\/a><\/div><\/div>\n\n<style type=\"text\/css\" data-created_by=\"avia_inline_auto\" id=\"style-css-av-av_one_full-49e29109d35428f282e8078954bb78df\">\n#top .flex_column.av-av_one_full-49e29109d35428f282e8078954bb78df{\nmargin-top:0px;\nmargin-bottom:0px;\n}\n.flex_column.av-av_one_full-49e29109d35428f282e8078954bb78df{\nborder-radius:0px 0px 0px 0px;\npadding:0px 0px 0px 0px;\n}\n.responsive #top #wrap_all .flex_column.av-av_one_full-49e29109d35428f282e8078954bb78df{\nmargin-top:0px;\nmargin-bottom:0px;\n}\n<\/style>\n<div  class='flex_column av-av_one_full-49e29109d35428f282e8078954bb78df av_one_full  avia-builder-el-1  el_after_av_slideshow  el_before_av_hr  first flex_column_div av-animated-generic bottom-to-top av-zero-column-padding  '     ><style type=\"text\/css\" data-created_by=\"avia_inline_auto\" id=\"style-css-av-av_heading-af09987d6633d2a83de0dbdaa08d6e07\">\n#top .av-special-heading.av-av_heading-af09987d6633d2a83de0dbdaa08d6e07{\npadding-bottom:0;\ncolor:#ea3838;\n}\nbody .av-special-heading.av-av_heading-af09987d6633d2a83de0dbdaa08d6e07 .av-special-heading-tag .heading-char{\nfont-size:25px;\n}\n.av-special-heading.av-av_heading-af09987d6633d2a83de0dbdaa08d6e07 .special-heading-inner-border{\nborder-color:#ea3838;\n}\n.av-special-heading.av-av_heading-af09987d6633d2a83de0dbdaa08d6e07 .av-subheading{\nfont-size:15px;\n}\n<\/style>\n<div  class='av-special-heading av-av_heading-af09987d6633d2a83de0dbdaa08d6e07 av-special-heading-h2 custom-color-heading blockquote modern-quote  avia-builder-el-2  avia-builder-el-no-sibling '><h2 class='av-special-heading-tag '  itemprop=\"headline\"  >Schimmelpilzsanierung<\/h2><div class=\"special-heading-border\"><div class=\"special-heading-inner-border\"><\/div><\/div><\/div><\/div>\n<div  class='hr av-av_hr-dcd2069817a0e3d34ae04cad8f3443c7 hr-default  avia-builder-el-3  el_after_av_one_full  el_before_av_textblock '><span class='hr-inner '><span class=\"hr-inner-style\"><\/span><\/span><\/div>\n<section  class='av_textblock_section av-av_textblock-0366cc7376be6c9e82a3e9cc8987b64f '   itemscope=\"itemscope\" itemtype=\"https:\/\/schema.org\/CreativeWork\" ><div class='avia_textblock'  itemprop=\"text\" ><ul>\n<li><span style=\"color: #000000;\">Ermittlung bedarfsgerechter Sanierungsverfahren<\/span><\/li>\n<li><span style=\"color: #000000;\">Abdecken feuchter Stellen bzw. Abdichtung von Leckagen<\/span><\/li>\n<li><span style=\"color: #000000;\">Entfernung des sichtbaren Befalls unter Vermeidung, dass giftige Schimmelsporen in die Luft gelangen<\/span><\/li>\n<li><span style=\"color: #000000;\">Desinfektion aller betroffenen Materialien und Gegenst\u00e4nde<\/span><\/li>\n<li><span style=\"color: #000000;\">Entfernung von kontaminierten Tr\u00e4germaterialien wie Tapeten, Holz, Verputz<\/span><\/li>\n<li><span style=\"color: #000000;\">Entfeuchtung der betroffenen Stellen<\/span><\/li>\n<li><span style=\"color: #000000;\">Vollst\u00e4ndige Luftreinigung<\/span><\/li>\n<li><span style=\"color: #000000;\">Rekonstruktion aller entfernten Bestandteile<\/span><\/li>\n<li><span style=\"color: #000000;\">Schleusen<\/span><\/li>\n<\/ul>\n<\/div><\/section>\n<div  class='hr av-av_hr-dcd2069817a0e3d34ae04cad8f3443c7 hr-default  avia-builder-el-5  el_after_av_textblock  el_before_av_textblock '><span class='hr-inner '><span class=\"hr-inner-style\"><\/span><\/span><\/div>\n<section  class='av_textblock_section av-av_textblock-0366cc7376be6c9e82a3e9cc8987b64f '   itemscope=\"itemscope\" itemtype=\"https:\/\/schema.org\/CreativeWork\" ><div class='avia_textblock'  itemprop=\"text\" ><p><span style=\"color: #000000;\">Die Schimmelpilzsanierung wird oft in Verbindung mit Brand- oder Wassersch\u00e4den notwendig, kann aber auch f\u00fcr sich stehen. Bei dem Verdacht auf Schimmel ist dann zun\u00e4chst zu kl\u00e4ren, um welche Art von Schimmelpilzen es sich \u00fcberhaupt handelt. Erst danach kann eine effektive Sanierung beginnen. Aber Schimmel ist nicht gleich Schimmel!<\/span><\/p>\n<p><span style=\"color: #000000;\"><strong>Was ist eigentlich Schimmel?<\/strong><\/span><\/p>\n<p><span style=\"color: #000000;\">Das Wachstum von Mikroorganismen an Hausrat, an oder in W\u00e4nden und anderen Bauteilen wird \u00fcblicherweise Schimmel genannt. Schimmelbefall wird vor allem durch Schimmelpilze und Bakterien hervorgerufen. Daneben kommen bei Schimmelbefall auch einzellige Pilze (Hefen) und Protozoen (insbesondere Am\u00f6ben) vor. Schimmelpilze sind jedoch ein nat\u00fcrlicher Teil unserer belebten Umwelt und daher auch in Innenr\u00e4umen vorhanden. Problematisch wird erst eine erh\u00f6hte Konzentration von Schimmelpilzen durch Schimmelwachstum im Innenraum, z.B. infolge von ungewolltem Wassereintritt.<\/span><\/p>\n<p><span style=\"color: #000000;\">Vom Schimmel zu unterscheiden ist die Kontamination. Mit Schimmel befallene Materialien sind Baumaterialien oder Inventar, die mit Schimmelpilzen, Bakterien oder anderen Mikroorganismen besiedelt sind \u2013 unabh\u00e4ngig davon, ob die Organismen vital\/aktiv darin wachsen oder gewachsen und bereits abgestorben sind. Eine Kontamination ist im Gegensatz dazu eine \u00fcber die allgemeine Hintergrundbelastung hinausgehende Verunreinigung von Oberfl\u00e4chen oder Materialien durch Mikroorganismen oder biogene Partikel und Stoffe, die durch direkten Kontakt mit befallenen Materialien oder \u00fcber den Luftweg erfolgt.<\/span><\/p>\n<p><span style=\"color: #000000;\"><strong>Wie entsteht Schimmel?<\/strong><\/span><\/p>\n<p><span style=\"color: #000000;\">Wichtigste Voraussetzung f\u00fcr die Entstehung und Vermehrung von Schimmel ist eine ausreichend hohe Feuchte, z.B. bedingt durch einen Wasserschaden. Schimmelpilze und Bakterien k\u00f6nnen bei ausreichender Feuchte in den meisten organischen Materialien bzw. auf Materialien mit organischen Verschmutzungen wachsen. Mit zunehmendem Feuchtegehalt des Materials steigt die Wahrscheinlichkeit, dass Schimmelpilzwachstum auftritt. Bei 80 % relativer Feuchte an der Oberfl\u00e4che sind bei ausreichend hoher Oberfl\u00e4chentemperatur (deutlich im Plusgradbereich) die Wachstumsbedingungen f\u00fcr viele innenraumrelevante Schimmelpilzarten erreicht. Bei h\u00f6herer Oberfl\u00e4chenfeuchte von \u00fcber 80 % k\u00f6nnen nahezu alle Schimmelpilzarten sowie Bakterien wachsen. Im stehenden Wasser (100 % Feuchte) wachsen in der Regel keine Schimmelpilze, sondern Bakterien. Weiterhin spielen Temperatur, pH-Wert und f\u00fcr den Schimmel verf\u00fcgbare N\u00e4hrstoffe eine Rolle. In der Regel sind diese Voraussetzungen in Innenr\u00e4umen gegeben, da Schimmelpilze in einem breiten Temperatur- und pH-Bereich wachsen k\u00f6nnen. Zudem sind auf Oberfl\u00e4chen in Innenr\u00e4umen ausreichend N\u00e4hrstoffe vorhanden.<\/span><\/p>\n<p><span style=\"color: #000000;\"><strong>Wie ist Schimmel zu erkennen?<\/strong><\/span><\/p>\n<p><span style=\"color: #000000;\">Schimmelpilze werden mit dem blo\u00dfen Auge als Schimmelflecken erst dann erkannt, wenn sich Sporentr\u00e4ger mit gef\u00e4rbten Sporen in einer gewissen Dichte an einer einsehbaren Oberfl\u00e4che entwickelt haben. Dies erzeugt die bekannten meist dunklen Flecken. Daneben tritt der Schimmelbefall h\u00e4ufig an verdeckten Stellen oder unter der Materialoberfl\u00e4che auf und ist dort nicht erkennbar. Sichtbarer und nicht sichtbarer Schimmelbefall kann, muss aber nicht gemeinsam auftreten. Sichtbare Flecken f\u00fchren meist zu gr\u00f6\u00dferer Besorgnis, selbst wenn es sich nur um kleine Fl\u00e4chen handelt. Verdeckter Befall enth\u00e4lt jedoch h\u00e4ufig sehr viel mehr mikrobielle Biomasse und muss daher bei der Schadensbeurteilung miteinbezogen werden. Ferner treten in muffig riechenden Materialien h\u00e4ufig Bakterien in hohen Konzentrationen auf.<\/span><\/p>\n<p><span style=\"color: #000000;\"><strong>Wie gesundheitssch\u00e4dlich ist Schimmelbefall?<\/strong><\/span><\/p>\n<p><span style=\"color: #000000;\">Feuchte und Schimmelbefall in Innenr\u00e4umen sind mit einem erh\u00f6hten Risiko f\u00fcr Atemwegserkrankungen sowie f\u00fcr eine Entwicklung und Verschlimmerung von Asthmasymptomen bei den Raumnutzern verbunden. Schimmelpilze k\u00f6nnen sensibilisierend wirken und in der Folge allergische Reaktionen ausl\u00f6sen.<\/span><\/p>\n<p><span style=\"color: #000000;\"><strong>Woher kommt der Schimmelbefall?<\/strong><\/span><\/p>\n<p><span style=\"color: #000000;\">Grunds\u00e4tzlich kann Schimmelbefall mehrere Ursachen haben, die einzeln oder zusammen auftreten k\u00f6nnen. Zu unterscheiden sind dabei:<\/span><\/p>\n<ul>\n<li><span style=\"color: #000000;\">baulichen Einflussgr\u00f6\u00dfen wie unzureichende oder unsachgem\u00e4\u00dfe W\u00e4rmed\u00e4mmung, unsachgem\u00e4\u00dfe energetische Modernisierung, W\u00e4rmebr\u00fccken, schlechte Feuchtepufferung von Materialien, schadhafte wasserdurchl\u00e4ssige Stellen in der Geb\u00e4udeh\u00fclle, sonstige Leckagen, Neubaufeuchte sowie aufsteigende Feuchte durch unzureichende Abdichtung gegen\u00fcber dem Erdreich<\/span><\/li>\n<li><span style=\"color: #000000;\">nutzungsbedingten Einflussgr\u00f6\u00dfen wie unzureichendes oder unsachgem\u00e4\u00dfes Heizen und L\u00fcften<\/span><\/li>\n<li><span style=\"color: #000000;\">besondere Einflussgr\u00f6\u00dfen wie Wassereintritt durch Havarien oder Hochwasser<\/span><\/li>\n<\/ul>\n<p><span style=\"color: #000000;\"><strong>Was macht die BSG Projektierungs GmbH bei Schimmelbefall?<\/strong><\/span><\/p>\n<p><span style=\"color: #000000;\">Bei einem Schimmelbefall sind wir schnellstm\u00f6glich vor Ort, um den Schaden zu begutachten und aufzunehmen. Hierbei stellen wir den ersten Kontakt zum Kunden her und informieren ausf\u00fchrlich \u00fcber das weitere Vorgehen. Mit der offiziellen Auftragserteilung \u00fcbernehmen wir die Sanierung des Schimmelbefalls und leiten die Erstma\u00dfnahmen ein.<\/span><\/p>\n<p><span style=\"color: #000000;\">Bei der ersten Analyse vor Ort werden bauphysikalische Daten (z.B. Temperatur, Feuchte) und allgemeine Angaben \u00fcber die betroffenen R\u00e4ume erhoben. Zudem wird auch eine optische sowie sensorische Beurteilung der betroffenen R\u00e4ume sowie der Materialien und Gegenst\u00e4nde in den R\u00e4umen durchgef\u00fchrt. Ziel dieses Schrittes ist die Abkl\u00e4rung, ob ein Schimmelbefall vorliegt und ggf. welches Ausma\u00df er annimmt. Aus diesen Informationen ergibt sich, ob und ggf. welche zus\u00e4tzlichen weiterf\u00fchrenden Untersuchungen zur Abkl\u00e4rung erforderlich sind. Bei sichtbarem Schimmelbefall mit gekl\u00e4rter Ursache sind in der Regel keine weiterf\u00fchrenden Messungen erforderlich, stattdessen wird der betroffene Bereich schnellstm\u00f6glich saniert.<\/span><\/p>\n<p><span style=\"color: #000000;\"><strong>Wie funktioniert die Sanierung?<\/strong><\/span><\/p>\n<p><span style=\"color: #000000;\">Eine Schimmelpilzsanierung beginnt immer mit der Kl\u00e4rung der Ursachen f\u00fcr die Entstehung des Schimmelbefalls. Im Folgenden ist der typische Ablauf einer Schimmelpilzsanierung kurz zusammengefasst. Die einzelnen Schritte k\u00f6nnen sich in der Praxis allerdings \u00fcberlagern und sind immer individuell an den jeweiligen Einzelfall anzupassen.<\/span><\/p>\n<ul>\n<li><span style=\"color: #000000;\"><b>Erstma\u00dfnahmen<\/b> <\/span>\n<ul>\n<li><span style=\"color: #000000;\">Betroffene ausf\u00fchrlich informieren<\/span><\/li>\n<li><span style=\"color: #000000;\">Nutzung aussetzen und schimmelbefallene R\u00e4ume abschotten, Fugen an T\u00fcren mit Klebeband abkleben (Kennzeichnen der R\u00e4ume mit \u201eZutritt verboten\u201c)<\/span><\/li>\n<li><span style=\"color: #000000;\">Verschleppen mikrobieller Partikel und St\u00e4ube vermeiden und daher befallene Gegenst\u00e4nde vor Ort belassen oder verpackt entsorgen<\/span><\/li>\n<li><span style=\"color: #000000;\">Befall abschotten durch (vor\u00fcbergehende) dichte Abdeckung mit Folie; Kondensat unter der Abschottung vermeiden<\/span><\/li>\n<li><span style=\"color: #000000;\">Befall binden (\u00dcberstreichen mit Farben\/Lacken als \u00dcbergangsma\u00dfnahme)<\/span><\/li>\n<li><span style=\"color: #000000;\">verunreinigte, nicht mikrobiell befallene Gegenst\u00e4nde, die aus den R\u00e4umen geholt werden, reinigen<\/span><\/li>\n<li><span style=\"color: #000000;\">Luftreiniger betreiben oder L\u00fcftungsma\u00dfnahmen durchf\u00fchren<\/span><\/li>\n<\/ul>\n<\/li>\n<li><span style=\"color: #000000;\"><b>Ermittlung der Ursache\/n und des Schadensausma\u00dfes des Schimmelbefalls<\/b> <\/span>\n<ul>\n<li><span style=\"color: #000000;\">Fachgerechte Ortsbegehung, um zweifelsfreie Kenntnis der Befallsursache und des gesamten Schadensausma\u00dfes erlangen<\/span><\/li>\n<li><span style=\"color: #000000;\">Pr\u00fcfung in welche Geb\u00e4udebereiche Feuchte eingedrungen ist und ob bereits Schimmelwachstum eingesetzt hat<\/span><\/li>\n<li><span style=\"color: #000000;\">Inspizierung besonders feuchteempfindlicher Bauteile (z.B. Holzverkleidungen, Gipskartonplatten etc.) und nicht direkt einsehbarer Hohlr\u00e4ume und Schichten (z.B. Estrich-D\u00e4mmschichten, Sch\u00e4chte, etc.)<\/span><\/li>\n<\/ul>\n<\/li>\n<li><span style=\"color: #000000;\"><b>Durchf\u00fchrung der Schimmelsanierung<\/b> <\/span>\n<ul>\n<li><span style=\"color: #000000;\">Vollst\u00e4ndige Beseitigung der Ursache\/n des Befalls<\/span><\/li>\n<li><span style=\"color: #000000;\">Sanierungsbereich von nicht betroffenen Geb\u00e4udeteilen abschotten und durch technische Be- und Entl\u00fcftung ggf. in Unterdruck halten<\/span><\/li>\n<li><span style=\"color: #000000;\">Entfernung der mit Schimmel befallenen Materialien<\/span><\/li>\n<li><span style=\"color: #000000;\">Ggf. Trocknung feuchter Bausubstanz (LINK zu Trocknung)<\/span><\/li>\n<li><span style=\"color: #000000;\">Reinigung des Objektes nach R\u00fcckbau zur Beseitigung kontaminierter St\u00e4ube (auch Feinreinigung genannt)<\/span><\/li>\n<\/ul>\n<\/li>\n<li><span style=\"color: #000000;\"><b>Wiederaufbau und Erfolgskontrolle<\/b> <\/span>\n<ul>\n<li><span style=\"color: #000000;\">Durch den Befall oder durch die Sanierungsma\u00dfnahmen besch\u00e4digte Oberfl\u00e4chen oder Bauteile werden anschlie\u00dfend wieder hergestellt<\/span><\/li>\n<li><span style=\"color: #000000;\">Kontrolle und ggf. Reinigung der in den Raum einzubringenden Gegenst\u00e4nde<\/span><\/li>\n<li><span style=\"color: #000000;\">Nach Abschluss aller Arbeiten und Einbringen aller (Einrichtungs-) Gegenst\u00e4nde kann nach einer Wartezeit von einigen Tagen eine Luftmessung auf kultivierbare Schimmelpilze nach DIN ISO 16000-16 bis -18 bzw. DIN EN ISO 16000-19 oder auf Gesamtsporenzahl nach DIN ISO 16000-20 erfolgen<\/span><\/li>\n<\/ul>\n<\/li>\n<\/ul>\n<p><span style=\"color: #000000;\">Quelle: Ver\u00e4ndert nach Umweltbundesamt (Hg.) 2017: Leitfaden zur Vorbeugung, Erfassung und Sanierung von Schimmelbefall in Geb\u00e4uden. Abrufbar unter:<\/span><\/p>\n<p><span style=\"color: #000000;\"><a style=\"color: #000000;\" href=\"https:\/\/www.umweltbundesamt.de\/sites\/default\/files\/medien\/421\/publikationen\/uba_schimmelleitfaden_final_bf.pdf\">https:\/\/www.umweltbundesamt.de\/sites\/default\/files\/medien\/421\/publikationen\/uba_schimmelleitfaden_final_bf.pdf<\/a><\/span><\/p>\n<\/div><\/section>\n\n<style type=\"text\/css\" data-created_by=\"avia_inline_auto\" id=\"style-css-av-av_one_full-40e04e59702ace7aa4422b20c9839dbe\">\n.flex_column.av-av_one_full-40e04e59702ace7aa4422b20c9839dbe{\nborder-radius:0px 0px 0px 0px;\npadding:0px 0px 0px 0px;\n}\n<\/style>\n<div  class='flex_column av-av_one_full-40e04e59702ace7aa4422b20c9839dbe av_one_full  avia-builder-el-7  el_after_av_textblock  avia-builder-el-last  first flex_column_div av-zero-column-padding  column-top-margin'     ><style type=\"text\/css\" data-created_by=\"avia_inline_auto\" id=\"style-css-av-av_partner-142cae2e10514575043adc87728738cc\">\n.avia-logo-element-container.av-av_partner-142cae2e10514575043adc87728738cc .av-partner-fake-img{\nbackground-size:cover;\n}\n<\/style>\n<div  class='avia-logo-element-container av-av_partner-142cae2e10514575043adc87728738cc avia-logo-slider avia-content-slider avia-smallarrow-slider avia-content-slider-active noHover avia-content-slider-odd  avia-builder-el-8  avia-builder-el-no-sibling  av-slideshow-ui av-control-hidden av-nav-arrows-visible av-nav-dots-visible av-no-slider-navigation av-hide-nav-arrows av-slideshow-autoplay av-loop-endless av-loop-manual-endless avia-content-slider1' data-slideshow-options=\"{&quot;animation&quot;:&quot;slide&quot;,&quot;autoplay&quot;:true,&quot;loop_autoplay&quot;:&quot;endless&quot;,&quot;interval&quot;:5,&quot;loop_manual&quot;:&quot;manual-endless&quot;,&quot;autoplay_stopper&quot;:false,&quot;noNavigation&quot;:true,&quot;bg_slider&quot;:false,&quot;keep_padding&quot;:&quot;&quot;,&quot;hoverpause&quot;:false,&quot;show_slide_delay&quot;:0}\"><div class='avia-smallarrow-slider-heading  no-logo-slider-heading '><\/div><div class=\"avia-content-slider-inner\"><div class=\"slide-entry-wrap\"><div  class='slide-entry av-av_partner_logo-4aaf7542c4137acc38097a6629c6f7c9 flex_column no_margin av_one_third real-thumbnail post-entry slide-entry-overview slide-loop-1 slide-parity-odd  first'><span class='av-partner-fake-img' style='padding-bottom:46.8085106383%; background-image:url(https:\/\/bsg-projekt.net\/cms\/wp-content\/uploads\/2017\/12\/14.jpg);'><\/span><\/div><div  class='slide-entry av-av_partner_logo-609b88fdce64fdb9cafcf8a3d47f9918 flex_column no_margin av_one_third real-thumbnail post-entry slide-entry-overview slide-loop-2 slide-parity-even  '><span class='av-partner-fake-img' style='padding-bottom:46.8085106383%; background-image:url(https:\/\/bsg-projekt.net\/cms\/wp-content\/uploads\/2017\/12\/15.jpg);'><\/span><\/div><div  class='slide-entry av-av_partner_logo-da9a4cd05ddb3d9570f12d6b921d6c3b flex_column no_margin av_one_third real-thumbnail post-entry slide-entry-overview slide-loop-3 slide-parity-odd  '><span class='av-partner-fake-img' style='padding-bottom:46.8085106383%; background-image:url(https:\/\/bsg-projekt.net\/cms\/wp-content\/uploads\/2017\/12\/13.jpg);'><\/span><\/div><\/div><div class=\"slide-entry-wrap\"><div  class='slide-entry av-av_partner_logo-06d26b4a4c06b3e0d8c1567df8aad6bc flex_column no_margin av_one_third real-thumbnail post-entry slide-entry-overview slide-loop-4 slide-parity-odd  first'><span class='av-partner-fake-img' style='padding-bottom:46.8085106383%; background-image:url(https:\/\/bsg-projekt.net\/cms\/wp-content\/uploads\/2017\/12\/11.jpg);'><\/span><\/div><div  class='slide-entry av-av_partner_logo-1436f778e1510202bd70ff37bd89a9ec flex_column no_margin av_one_third real-thumbnail post-entry slide-entry-overview slide-loop-5 slide-parity-even  '><span class='av-partner-fake-img' style='padding-bottom:46.8085106383%; background-image:url(https:\/\/bsg-projekt.net\/cms\/wp-content\/uploads\/2017\/12\/12.jpg);'><\/span><\/div><div  class='slide-entry av-av_partner_logo-935331965753ba24a4086412031e7fb4 flex_column no_margin av_one_third real-thumbnail post-entry slide-entry-overview slide-loop-6 slide-parity-odd  '><span class='av-partner-fake-img' style='padding-bottom:46.8085106383%; background-image:url(https:\/\/bsg-projekt.net\/cms\/wp-content\/uploads\/2017\/12\/09.jpg);'><\/span><\/div><\/div><div class=\"slide-entry-wrap\"><div  class='slide-entry av-av_partner_logo-66a9bbaa4ec2c477c07da328ef90cd45 flex_column no_margin av_one_third real-thumbnail post-entry slide-entry-overview slide-loop-7 slide-parity-odd  first'><span class='av-partner-fake-img' style='padding-bottom:46.8085106383%; background-image:url(https:\/\/bsg-projekt.net\/cms\/wp-content\/uploads\/2017\/12\/10.jpg);'><\/span><\/div><div  class='slide-entry av-av_partner_logo-04288ea090b75606d1a5fc71a0dbcd75 flex_column no_margin av_one_third real-thumbnail post-entry slide-entry-overview slide-loop-8 slide-parity-even  '><span class='av-partner-fake-img' style='padding-bottom:46.8085106383%; background-image:url(https:\/\/bsg-projekt.net\/cms\/wp-content\/uploads\/2017\/12\/08.jpg);'><\/span><\/div><div  class='slide-entry av-av_partner_logo-f60dcbf9a4aaf9d20718735da06a6ce8 flex_column no_margin av_one_third real-thumbnail post-entry slide-entry-overview slide-loop-9 slide-parity-odd  '><span class='av-partner-fake-img' style='padding-bottom:46.8085106383%; background-image:url(https:\/\/bsg-projekt.net\/cms\/wp-content\/uploads\/2017\/12\/07.jpg);'><\/span><\/div><\/div><div class=\"slide-entry-wrap\"><div  class='slide-entry av-av_partner_logo-97c8c1d4042e7a6c2dec09aa3d03e0ba flex_column no_margin av_one_third real-thumbnail post-entry slide-entry-overview slide-loop-10 slide-parity-odd  first'><span class='av-partner-fake-img' style='padding-bottom:46.8085106383%; background-image:url(https:\/\/bsg-projekt.net\/cms\/wp-content\/uploads\/2017\/12\/06.jpg);'><\/span><\/div><div  class='slide-entry av-av_partner_logo-fe2b59544e072eb997e38a2db00ea868 flex_column no_margin av_one_third real-thumbnail post-entry slide-entry-overview slide-loop-11 slide-parity-even  '><span class='av-partner-fake-img' style='padding-bottom:46.8085106383%; background-image:url(https:\/\/bsg-projekt.net\/cms\/wp-content\/uploads\/2017\/12\/04.jpg);'><\/span><\/div><div  class='slide-entry av-av_partner_logo-39e3bee59e8c98e6c54dbd362f1dc898 flex_column no_margin av_one_third real-thumbnail post-entry slide-entry-overview slide-loop-12 slide-parity-odd  '><span class='av-partner-fake-img' style='padding-bottom:46.8085106383%; background-image:url(https:\/\/bsg-projekt.net\/cms\/wp-content\/uploads\/2017\/12\/05.jpg);'><\/span><\/div><\/div><div class=\"slide-entry-wrap\"><div  class='slide-entry av-av_partner_logo-314069f34bb75f973d21c472b51ec5e0 flex_column no_margin av_one_third real-thumbnail post-entry slide-entry-overview slide-loop-13 slide-parity-odd  first'><span class='av-partner-fake-img' style='padding-bottom:46.8085106383%; background-image:url(https:\/\/bsg-projekt.net\/cms\/wp-content\/uploads\/2017\/12\/02.jpg);'><\/span><\/div><div  class='slide-entry av-av_partner_logo-afca36fba471ec37ebc6db948e6d899e flex_column no_margin av_one_third real-thumbnail post-entry slide-entry-overview slide-loop-14 slide-parity-even  '><span class='av-partner-fake-img' style='padding-bottom:46.8085106383%; background-image:url(https:\/\/bsg-projekt.net\/cms\/wp-content\/uploads\/2017\/12\/03.jpg);'><\/span><\/div><div  class='slide-entry av-av_partner_logo-2a166536a2b30a34da6c699eb45a667e flex_column no_margin av_one_third real-thumbnail post-entry slide-entry-overview slide-loop-15 slide-parity-odd post-entry-last '><span class='av-partner-fake-img' style='padding-bottom:46.8085106383%; background-image:url(https:\/\/bsg-projekt.net\/cms\/wp-content\/uploads\/2017\/12\/01.jpg);'><\/span><\/div><\/div><\/div><\/div><\/div>\n","protected":false},"excerpt":{"rendered":"","protected":false},"author":1,"featured_media":0,"parent":25,"menu_order":5,"comment_status":"closed","ping_status":"closed","template":"","meta":{"footnotes":""},"class_list":["post-824","page","type-page","status-publish","hentry"],"_links":{"self":[{"href":"https:\/\/bsg-projekt.net\/cms\/wp-json\/wp\/v2\/pages\/824","targetHints":{"allow":["GET"]}}],"collection":[{"href":"https:\/\/bsg-projekt.net\/cms\/wp-json\/wp\/v2\/pages"}],"about":[{"href":"https:\/\/bsg-projekt.net\/cms\/wp-json\/wp\/v2\/types\/page"}],"author":[{"embeddable":true,"href":"https:\/\/bsg-projekt.net\/cms\/wp-json\/wp\/v2\/users\/1"}],"replies":[{"embeddable":true,"href":"https:\/\/bsg-projekt.net\/cms\/wp-json\/wp\/v2\/comments?post=824"}],"version-history":[{"count":10,"href":"https:\/\/bsg-projekt.net\/cms\/wp-json\/wp\/v2\/pages\/824\/revisions"}],"predecessor-version":[{"id":1054,"href":"https:\/\/bsg-projekt.net\/cms\/wp-json\/wp\/v2\/pages\/824\/revisions\/1054"}],"up":[{"embeddable":true,"href":"https:\/\/bsg-projekt.net\/cms\/wp-json\/wp\/v2\/pages\/25"}],"wp:attachment":[{"href":"https:\/\/bsg-projekt.net\/cms\/wp-json\/wp\/v2\/media?parent=824"}],"curies":[{"name":"wp","href":"https:\/\/api.w.org\/{rel}","templated":true}]}}